What is -9 + 20 + (1 + -6 - -10 - 2)?
14
Calculate (-7 - (-3 - 2)) + (-2 + -5 - -4).
-5
Evaluate 5 + -6 + 8 + 3 + -21.
-11
Calculate 11 + 18 + (86 - 91).
24
Calculate 2 + -1 + 2 + -109 + 110.
4
What is (10 + (-12 - -5) - 11 - -9) + -6?
-5
What is the value of (28 - (60 - 28)) + -2 + 1 + 1?
-4
-239 - -241 - (16 - (2 - 1))
-13
What is (6 - 11 - -12) + 66 + -92?
-19
(-5 - -15 - 49) + 25
-14
Evaluate -16 - (2 + 2 + -10 + 1).
-11
Calculate -9 - (-35 + (18 - 13)).
21
-458 + 441 + 32 + 0
15
21 - (48 - 32) - -17
22
Calculate -13 - (5 + -6 + 23).
-35
Evaluate -12 - (4 - 3) - -7.
-6
-9 + (21 - -17) + -1
28
What is -4 + -3 - 4 - (-2 + -3 - -4)?
-10
What is the value of (5 - 12) + (1 - 16) + 10?
-12
(11 - (21 + 0 + 4)) + -4
-18
Evaluate -2 + 1 + -1 + 0 - (-63 + 73).
-12
What is the value of (19 - 19) + 0 + (26 - 1) - 9?
16
-73 + 69 + (1 - -12) - 4
5
Calculate 2 + (2 - (-4 + 4 + 0)) - 21.
-17
Evaluate (28 - 33) + -4 + 2.
-7
1 - 23 - (67 + -36 + -35)
-18
Calculate 20 + (-54 - -25) + -26.
-35
Calculate 8 + (5 - (-5 + 14)).
4
(0 - 0) + (7 - 9 - -6 - -27)
31
What is the value of 0 - 21 - (-25 - (-23 - (-12 + 3)))?
-10
21 - -17 - 38 - (38 - (1 - 0))
-37
-43 + 48 - (9 - -1)
-5
-4 - 6 - (2 + (-3 - (-1 - 9)))
-19
-6 + -43 + 43 + 1 + 30
25
What is the value of -5 + 0 + 2 + (14 - -1)?
12
What is 181 - 159 - (25 + -1)?
-2
Calculate (-3 - -1) + 0 + (-1 - -30).
27
Evaluate (6 - -3 - (-16 - -27)) + -10.
-12
What is the value of (24 - 8) + -7 + 5 + 12 + -2?
24
What is -3 + 9 + -6 + 2 + (1 - 7)?
-4
Calculate (13 - (12 + (0 - 16))) + -9 + 2.
10
-1 + -18 + 4 + -10 + (10 - -3)
-12
What is 1 - 8 - (5 - 8 - -2)?
-6
What is the value of -13 + (19 - -21) - 26?
1
What is 194 + -176 - (-2 + 7 + 6)?
7
What is -26 - -42 - -15 - 15?
16
What is 1 + (12 - ((-2 - -6) + -1)) + 4?
14
What is -6 + 0 - (14 + -25) - 19?
-14
What is the value of -2 - (-8 - (15 + -8))?
13
What is 2 - (-3 - -14 - -14 - 12)?
-11
What is 23 + -38 + (-1 - -17)?
1
What is the value of (-16 - -9) + (6 + 2 - (27 + -23))?
-3
Calculate -2255 + 2254 + 1 + (-1 + -1 - 16).
-18
What is the value of -25 - (-13 - (-10 - (-7 + 4)) - 5)?
-14
(7 - (-1 - -3)) + (-8 - -7)
4
What is 1 + -16 + (3 - 8 - -9)?
-11
What is the value of -91 + 96 + -1 + (-2 - 2)?
0
Evaluate 3 - 1 - (2 - -3) - (13 - 7).
-9
Evaluate ((5 - -3) + 1 - 11) + 0.
-2
What is -22 + 4 - -9 - (14 - -11)?
-34
Evaluate -1 - 1 - (6 - (-6 - -7) - 3).
-4
Calculate 12 + -11 + (3 - (-5 - -3)) + -8.
-2
(13 - 0) + (8 - ((0 - -11) + -1))
11
What is -8 - (-1 + 10 + -34)?
17
What is the value of -40 + (-31 - -62 - 6)?
-15
What is the value of 20 + 0 + (1481 - 1494)?
7
11 + (4 - 25) + -3
-13
What is 3 - 2 - -1 - (25 + -13)?
-10
13 - 79 - -75 - (-15 - -1)
23
What is the value of 2825 - 2819 - (-1 + 15 - -2)?
-10
Evaluate -9 + (9 + -1 - -1) + -15.
-15
8 + (10 - 2 - (69 - 46))
-7
What is the value of -32 - -19 - -21 - 2?
6
What is the value of -4 - (3 - 8) - (3 - -1 - 0)?
-3
Evaluate (-15 + 2 - -9) + 8.
4
What is the value of (4 - 0) + (-15 - (-8 - -4)) - 5?
-12
Evaluate (-4 + 21 - 12) + -1 + 1.
5
What is the value of -1 - (-11 - 1) - (21 + 3 - 19)?
6
2 + (2 - (-8 + 2)) + -20
-10
What is -9 + (-1 - (3 - 6 - (-7 + 7)))?
-7
Evaluate 6 + -14 + -18 + 4 + (5 - 13).
-30
Calculate -6 - (-8 + (19 - 10)).
-7
What is the value of 3 + (-23 + 15 - -16)?
11
What is (25 - (-30 - -14)) + -27?
14
Calculate -17 - (-11 - (8 - 11)).
-9
(-34 - -24) + 16 + -17 + 1
-10
What is (-501 - -511) + (1 - 2)?
9
(23 - -15) + (-30 - -24)
32
(16 - (10 + 15)) + -26 + 4
-31
Evaluate -6285 - -6268 - (1 + 0 + 0).
-18
Evaluate -52 - (-24 - 37) - (2 - -38).
-31
What is the value of 2 - (-24 - (-32 - -3))?
-3
What is 32 - -1 - ((37 - -24) + -55)?
27
What is -1 + -2 - (-2 - -6) - (-124 + 107)?
10
What is the value of (-1 + -15 - (48 - 63)) + (0 - 21)?
-22
What is the value of -12 - -18 - (20 + 0) - (-9 + 4)?
-9
Calculate -557 + 548 - (2 + 1 - 2).
-10
(11 - 19) + 16 + -1
7
Calculate (5 - 13) + 3 + -9 + 6.
-8
Calculate (-4 - -8) + 5 - (23 + -11).
-3
What is 32 + (6 - 7) + -10 + (-4 - 1)?
16
What is -20 - (16 + -25 - -4)?
-15
-74 - -45 - (-6 + 11 + -14)
-20
Calculate -22 + -1 - (305 - 318).
-10
Evaluate 4 + (-17 - (-31 - -17)).
1
What is the value of 0 + -35 + 76 - 36?
5
What is the value of -9 + -2 - (38 + -38)?
-11
Evaluate 3 - (-18 + 4 + -2 + 0).
19
Calculate (20 - (-25 + 28)) + -36.
-19
-7 - (-7 + -1 + 1 + 1)
-1
Calculate (-8 + -3 - (-85 + 67)) + (-14 - -3).
-4
(267 - 227) + (1 - 15)
26
2 + -2 + 15 + -16
-1
What is 17 + (25 + -26 - (-3 + 2) - -5)?
22
What is -15 - (5 + 3 + (-12 - -2 - -5))?
-18
Calculate -2 + (-1 - (1 + -8)) + -7.
-3
(-71 - -51) + 16 + -1
-5
Calculate -35 + 12 - -4 - -52.
33
7 - (12 - (-12 - -15))
-2
Calculate 31 + -28 + 0 + 17.
20
What is the value of 3 + -7 + 6 - -25?
27
Evaluate -12 + -2 - (1 + -7).
-8
What is the value of 7 - (15 + (-2 + 2 - 2))?
-6
-3 + 5 - -4 - (-42 + 60)
-12
Calculate -5 + 18 + 0 - -10 - 10.
13
Evaluate 19 - 26 - (4 - 19).
8
What is (12 - (-17 - -14 - (5 - 15))) + -2?
3
Evaluate -7 - ((-5 - (-2 - -2)) + -61 + 42).
17
(-8 + 11 + -1 + -2 - 0) + 25
25
Calculate (-7 - (-3 + 2)) + (23 - 2) - 5.
10
Calculate -1 + -1 + 12 + -13 + 7 + -2.
2
Evaluate (53 - (22 - 0)) + -14.
17
Calculate 17 + (17 - 35) + 21.
20
Evaluate -111 + 119 + (0 - -2) + -14.
-4
What is 11 + (3 - 3) - (1 + -5)?
15
What is 1 + 14 - (-27 + (-48 - -88))?
2
What is (-27 - (-87 + 49)) + -2 + -3?
6
Calculate 2 + (-1 + -1 - -1).
1
What is (-6 + 5 - -3 - -18) + (-2 - 2)?
16
19 - (11 - 0) - (-4 + -2)
14
Evaluate 21 - 6 - (2 + -2 + -2 - -8).
9
What is the value of 11 + -4 - ((0 - 15) + 12 + -6)?
16
Calculate (0 - (8 - 3)) + -21 + 35.
9
Evaluate 16 - (33 + -36 + 56).
-37
Evaluate 1 - (7 + -7 + 0 + -12).
13
Calculate -9 - (2 + (9 - (5 - 0)) + -3).
-12
Evaluate (2 - 1) + -4 - (-14 + -4 - -11).
4
8 - (2 - -7) - 5
-6
Calculate (-3 - (-4 - -1) - (37 - 43)) + -19.
-13
What is the value of -4 - ((-59 - -63) + (14 - -1) + 0)?
-23
Calculate 5 + 2 + (5 - (-4 - -7)) + 2.
11
Calculate -65 + 60 + -3 + (4 - 4).
-8
What is the value of 2 + -22 + 9 + -1?
-12
-21 - 0 - (-21 - -1 - (-312 + 281))
-32
Calculate (-38 - (-58 + 12)) + 29 + (1 - 1).
37
What is -9 - -1 - (-54 + 110 + -49)?
-15
What is the value of 4 + (-40 - -4) + (-138 - -152)?
-18
Calculate 86 + -73 + (-3 + 9 - 1).
18
What is the value of 5 - 0 - ((26 - 16) + 3)?
-8
Evaluate 7 - 12 - -24 - 30.
-11
Evaluate -6 - (4 + -4) - (-2 - (-11 - -4)).
-11
Calculate 0 + -7 - (7 + (-5 - (-2 - -9))).
-2
What is the value of 1 + -11 + (10 - 1) - 9?
-10
What is (-10 - (-25 + -19)) + -25?
9
1 - (3 + -2 + -1)
1
Evaluate (-685 - -684) + -1 + (-2 - -13).
9
What is the value of 12 - (20 - (6 - 3))?
-5
What is 8 - -1 - (8 + (-8 - -8) + -2)?
3
What is -21 - (29 + -13 + -45)?
8
Evaluate (27 - 10 - -1) + (-7 - (6 + -5)).
10
What is the value of 50 + -71 + (1 + 0 - (-12 - -10))?
-18
What is the value of 2 + -2 - 9 - (-13 + 21 + 0)?
-17
What is the value of (8 - (-3 - -8)) + (15 - 22)?
-4
Evaluate (-3 - 6) + (1 - (-3 + 2)).
-7
What is -43 - (13 + -50) - (-1 - 20)?
15
259 + -255 + 1 + -6 + (-1 - -29)
27
18 - (-2 - (-14 - 3))
3
Calculate -32 + (-35 - -57) + (1 - -5).
-4
What is -1 + -5 - 2 - (-34 - -13)?
13
What is 1 - (199 - 180 - (0 - -13))?
-5
What is (-7 + 19 - -1) + (-49 - -28)?
-8
Evaluate 13 - (-5 - (-9 - -4)).
13
Evaluate -15 - (-1 + (-5 - -16) + -52).
27
Evaluate (0 + -4 - 8 - -4) + 11.
3
Evaluate -145 + 143 + (1 - 0 - 1) - 0.
-2
What is the value of 5 - (-8 + -4) - (-1 + 4 + -3)?
17
-133 + 157 + (0 - 22)
2
Evaluate 10 + (18 - 3) + -19.
6
Evaluate 1 + -1 + (1 - (-5 + 2)).
4
-13 + -12 + 11 + 10
-4
What is -8 + (30 - (22 + 25))?
-25
Calculate (-13 - 2) + (63 - 38).
10
(-3 - -1 - (51 - 51)) + -3
-5
What is the value of -74 - -77 - (19 + -2)?
-14
(-14 - (25 + -40)) + -4
-3
Calculate -31 + 0 + 199 + -178.
-10
-28 + (6 - (18 - 16))
-24
What is the value of (-11 - -4) + -1 + 8 + -4 + -16?
-20
Calculate -2 - (-5 - (-6 - 4)) - -5 - -14.
12
What is -1 + -9 + -4 + -12 + 20?
-6
Evaluate 2 + 1 + 1 + -1 + (-20 - -21).
4
What is the value of 42 - ((-78 - -68) + 21 + 0)?
31
Evaluate -17 + (-11 - -22) + 15.
9
What is the value of -9 + (27 - 42) + 34?
10
2 + (-7 - (-5 + 7)) + -2 + 7
-2
Evaluate -18 - -1 - (-3 - -11).
-25
What is 12 - (-3 + 4 - -29)?
-18
Calculate -10 + (10 - 2 - 18 - -5).
-15
16 + 2 + -23 + 14
9
(51 -